{"id":21,"date":"2025-09-04T14:03:08","date_gmt":"2025-09-04T14:03:08","guid":{"rendered":"https:\/\/www.grafinal.com\/?page_id=21"},"modified":"2025-09-04T14:09:07","modified_gmt":"2025-09-04T14:09:07","slug":"quienes-somos-2","status":"publish","type":"page","link":"https:\/\/www.grafinal.com\/index.php\/quienes-somos-2\/","title":{"rendered":"Qui\u00e9nes Somos"},"content":{"rendered":"\n<figure class=\"wp-block-image size-full\"><img loading=\"lazy\" decoding=\"async\" width=\"960\" height=\"541\" data-attachment-id=\"22\" data-permalink=\"https:\/\/www.grafinal.com\/index.php\/quienes-somos-2\/187558569_106915344921525_6053457093486744856_n\/#main\" data-orig-file=\"https:\/\/www.grafinal.com\/wp-content\/uploads\/2025\/09\/187558569_106915344921525_6053457093486744856_n.jpg\" data-orig-size=\"960,541\" data-comments-opened=\"1\" data-image-meta=\"{&quot;aperture&quot;:&quot;0&quot;,&quot;credit&quot;:&quot;&quot;,&quot;camera&quot;:&quot;&quot;,&quot;caption&quot;:&quot;&quot;,&quot;created_timestamp&quot;:&quot;0&quot;,&quot;copyright&quot;:&quot;&quot;,&quot;focal_length&quot;:&quot;0&quot;,&quot;iso&quot;:&quot;0&quot;,&quot;shutter_speed&quot;:&quot;0&quot;,&quot;title&quot;:&quot;&quot;,&quot;orientation&quot;:&quot;0&quot;}\" data-image-title=\"187558569_106915344921525_6053457093486744856_n\" data-image-description=\"\" data-image-caption=\"\" data-medium-file=\"https:\/\/www.grafinal.com\/wp-content\/uploads\/2025\/09\/187558569_106915344921525_6053457093486744856_n-300x169.jpg\" data-large-file=\"https:\/\/www.grafinal.com\/wp-content\/uploads\/2025\/09\/187558569_106915344921525_6053457093486744856_n.jpg\" src=\"https:\/\/www.grafinal.com\/wp-content\/uploads\/2025\/09\/187558569_106915344921525_6053457093486744856_n.jpg\" alt=\"\" class=\"wp-image-22\" srcset=\"https:\/\/www.grafinal.com\/wp-content\/uploads\/2025\/09\/187558569_106915344921525_6053457093486744856_n.jpg 960w, https:\/\/www.grafinal.com\/wp-content\/uploads\/2025\/09\/187558569_106915344921525_6053457093486744856_n-300x169.jpg 300w, https:\/\/www.grafinal.com\/wp-content\/uploads\/2025\/09\/187558569_106915344921525_6053457093486744856_n-768x433.jpg 768w\" sizes=\"auto, (max-width: 960px) 100vw, 960px\" \/><\/figure>\n\n\n\n<p><strong>GRAFINAL CORPORACI\u00d3N<\/strong> es una empresa con m\u00e1s de <strong>50 a\u00f1os de experiencia en la industria gr\u00e1fica<\/strong>, consolid\u00e1ndose como un referente en <strong>Sudam\u00e9rica<\/strong>. Nuestra <strong>oficina principal se encuentra en Montevideo, Uruguay<\/strong>, con sucursales estrat\u00e9gicas en <strong>Quito (Ecuador), Lima (Per\u00fa) y La Paz (Bolivia)<\/strong>.<\/p>\n\n\n\n<p>Nuestros or\u00edgenes se remontan a <strong>Alemania<\/strong>, donde adquirimos el conocimiento te\u00f3rico, pr\u00e1ctico y la base tecnol\u00f3gica-cient\u00edfica que nos ha permitido desarrollar y fabricar productos de alta calidad, los cuales hoy ponemos al servicio de nuestros clientes en la regi\u00f3n.<\/p>\n\n\n\n<p>Nos especializamos en la <strong>fabricaci\u00f3n de tintas y auxiliares<\/strong>, as\u00ed como en la <strong>comercializaci\u00f3n de maquinaria e insumos gr\u00e1ficos<\/strong>, incluyendo:<\/p>\n\n\n\n<ul class=\"wp-block-list\">\n<li><strong>Prensas Offset<\/strong><\/li>\n\n\n\n<li><strong>Sistemas para acabados<\/strong><\/li>\n\n\n\n<li><strong>Repuestos y accesorios<\/strong><\/li>\n\n\n\n<li><strong>Consumibles gr\u00e1ficos<\/strong><\/li>\n\n\n\n<li><strong>Soporte y servicio t\u00e9cnico especializado<\/strong><\/li>\n<\/ul>\n\n\n\n<p>Con un equipo humano de m\u00e1s de <strong>100 colaboradores en los cuatro pa\u00edses<\/strong>, nos enorgullecemos de contar con <strong>profesionales altamente calificados y con verdadera vocaci\u00f3n de servicio<\/strong>, lo que constituye uno de los factores m\u00e1s importantes que nos distingue en el mercado.<\/p>\n\n\n\n<p>En <strong>GRAFINAL CORPORACI\u00d3N<\/strong> trabajamos cada d\u00eda para aportar innovaci\u00f3n, calidad y soluciones integrales, siendo el <strong>socio estrat\u00e9gico de confianza<\/strong> para la industria gr\u00e1fica en Sudam\u00e9rica.<\/p>\n","protected":false},"excerpt":{"rendered":"<p>GRAFINAL CORPORACI\u00d3N es una empresa con m\u00e1s de 50 a\u00f1os de experiencia en la industria gr\u00e1fica, consolid\u00e1ndose como un referente en Sudam\u00e9rica. Nuestra oficina principal se encuentra en Montevideo, Uruguay, con sucursales estrat\u00e9gicas en Quito (Ecuador), Lima (Per\u00fa) y La Paz (Bolivia). Nuestros or\u00edgenes se remontan a Alemania, donde adquirimos el conocimiento te\u00f3rico, pr\u00e1ctico y [&hellip;]<\/p>\n","protected":false},"author":1,"featured_media":22,"parent":0,"menu_order":0,"comment_status":"closed","ping_status":"closed","template":"","meta":{"footnotes":""},"class_list":["post-21","page","type-page","status-publish","has-post-thumbnail","hentry","post","post-with-thumbnail","post-with-thumbnail-large"],"jetpack_sharing_enabled":true,"_links":{"self":[{"href":"https:\/\/www.grafinal.com\/index.php\/wp-json\/wp\/v2\/pages\/21","targetHints":{"allow":["GET"]}}],"collection":[{"href":"https:\/\/www.grafinal.com\/index.php\/wp-json\/wp\/v2\/pages"}],"about":[{"href":"https:\/\/www.grafinal.com\/index.php\/wp-json\/wp\/v2\/types\/page"}],"author":[{"embeddable":true,"href":"https:\/\/www.grafinal.com\/index.php\/wp-json\/wp\/v2\/users\/1"}],"replies":[{"embeddable":true,"href":"https:\/\/www.grafinal.com\/index.php\/wp-json\/wp\/v2\/comments?post=21"}],"version-history":[{"count":3,"href":"https:\/\/www.grafinal.com\/index.php\/wp-json\/wp\/v2\/pages\/21\/revisions"}],"predecessor-version":[{"id":27,"href":"https:\/\/www.grafinal.com\/index.php\/wp-json\/wp\/v2\/pages\/21\/revisions\/27"}],"wp:featuredmedia":[{"embeddable":true,"href":"https:\/\/www.grafinal.com\/index.php\/wp-json\/wp\/v2\/media\/22"}],"wp:attachment":[{"href":"https:\/\/www.grafinal.com\/index.php\/wp-json\/wp\/v2\/media?parent=21"}],"curies":[{"name":"wp","href":"https:\/\/api.w.org\/{rel}","templated":true}]}}